{"id":43,"date":"2020-02-24T12:37:22","date_gmt":"2020-02-24T12:37:22","guid":{"rendered":"https:\/\/offmarketmadrid.com\/?page_id=43"},"modified":"2020-02-24T16:35:34","modified_gmt":"2020-02-24T16:35:34","slug":"aviso-legal","status":"publish","type":"page","link":"https:\/\/offmarketmadrid.com\/index.php\/aviso-legal\/","title":{"rendered":"Aviso legal"},"content":{"rendered":"<p>[et_pb_section fb_built=\u00bb1&#8243; fullwidth=\u00bbon\u00bb disabled_on=\u00bbon|on|off\u00bb _builder_version=\u00bb4.0.4&#8243;][et_pb_fullwidth_slider _builder_version=\u00bb4.0.4&#8243; header_font=\u00bb|700|||||||\u00bb header_font_size=\u00bb26px\u00bb body_font=\u00bb|700|||||||\u00bb body_text_align=\u00bbcenter\u00bb body_font_size=\u00bb59px\u00bb custom_padding=\u00bb||303px|||\u00bb][et_pb_slide heading=\u00bbGESTI\u00d3N, CONFIANZA Y COMPRA DE ACTIVOS INMOBILIARIOS\u00bb _builder_version=\u00bb4.0.4&#8243; background_enable_color=\u00bboff\u00bb background_image=\u00bbhttps:\/\/offmarketmadrid.com\/wp-content\/uploads\/2020\/02\/offmarketmadrid-1003-OSCURA.jpg\u00bb background_enable_image=\u00bbon\u00bb parallax=\u00bbon\u00bb]<\/p>\n<p>&nbsp;<\/p>\n<p>MADRID<\/p>\n<p>[\/et_pb_slide][\/et_pb_fullwidth_slider][\/et_pb_section][et_pb_section fb_built=\u00bb1&#8243; fullwidth=\u00bbon\u00bb disabled_on=\u00bboff|off|on\u00bb _builder_version=\u00bb4.0.4&#8243;][et_pb_fullwidth_slider _builder_version=\u00bb4.0.4&#8243; header_font=\u00bb|700|||||||\u00bb header_font_size=\u00bb26px\u00bb header_line_height=\u00bb1.7em\u00bb body_font=\u00bb|700|||||||\u00bb body_text_align=\u00bbcenter\u00bb body_font_size=\u00bb59px\u00bb custom_padding=\u00bb121px||218px|||\u00bb body_font_size_tablet=\u00bb\u00bb body_font_size_phone=\u00bb63px\u00bb body_font_size_last_edited=\u00bbon|phone\u00bb][et_pb_slide heading=\u00bbGESTI\u00d3N, CONFIANZA Y COMPRA DE ACTIVOS INMOBILIARIOS\u00bb _builder_version=\u00bb4.0.4&#8243; background_enable_color=\u00bboff\u00bb background_image=\u00bbhttps:\/\/offmarketmadrid.com\/wp-content\/uploads\/2020\/02\/offmarketmadrid-2.jpg\u00bb background_enable_image=\u00bbon\u00bb]<\/p>\n<p>&nbsp;<\/p>\n<p>MADRID<\/p>\n<p>[\/et_pb_slide][\/et_pb_fullwidth_slider][\/et_pb_section][et_pb_section fb_built=\u00bb1&#8243; _builder_version=\u00bb4.0.4&#8243; locked=\u00bboff\u00bb][et_pb_row _builder_version=\u00bb4.0.4&#8243;][et_pb_column type=\u00bb4_4&#8243; _builder_version=\u00bb4.0.4&#8243;][et_pb_text _builder_version=\u00bb4.0.4&#8243;]<\/p>\n<h3>Aviso legal<\/h3>\n<ol>\n<li>Identidad del titular<\/li>\n<\/ol>\n<p>En cumplimiento de lo dispuesto en la Ley 34\/2002, de 11 de julio, de Servicios de la Sociedad de la Informaci\u00f3n y Comercio Electr\u00f3nico, le informamos de que la direcci\u00f3n https:\/\/offmarketmadrid.com\/ con domicilio social en MADRID, C\/ Vel\u00e1zquez n\u00ba 53 \u2013 2\u00baIzda, y direcci\u00f3n de correo electr\u00f3nico <a href=\"mailto:juan.m.correro@gmail.com\">juan.m.correro@gmail.com<\/a>.<\/p>\n<p>Esta p\u00e1gina tiene car\u00e1cter informativo y es de exclusivo uso personal, teniendo por objeto facilitar el conocimiento al p\u00fablico en general, de los servicios ofrecidos. El acceso al sitio Web es, en principio, gratuito, sin perjuicio de que la contrataci\u00f3n de productos o servicios a trav\u00e9s del sitio Web est\u00e9 sujeta a una contraprestaci\u00f3n econ\u00f3mica.<\/p>\n<ol>\n<li>Obligaci\u00f3n de hacer un uso correcto del sitio web<\/li>\n<\/ol>\n<p>El usuario se compromete a hacer un uso adecuado de la web y a no emplearla para incurrir en actividades il\u00edcitas o contrarias a la buena fe y al ordenamiento jur\u00eddico (a t\u00edtulo meramente indicativo y no exhaustivo); provocar da\u00f1os en los sistemas f\u00edsicos y l\u00f3gicos del responsable, de sus proveedores o de terceras personas, introducir o difundir en la red virus inform\u00e1ticos o cualesquiera otros sistemas f\u00edsicos o l\u00f3gicos que sean susceptibles de provocar los da\u00f1os anteriormente mencionados, sin olvidar todos aquellos que vulneren o transgredan el honor, la intimidad personal o familiar y la imagen de las personas, de los derechos de propiedad y de toda otra naturaleza pertenecientes a un tercero como consecuencia de la transmisi\u00f3n, difusi\u00f3n, almacenamiento, puesta a disposici\u00f3n, recepci\u00f3n, obtenci\u00f3n o acceso a los contenidos o la imagen de terceros; la realizaci\u00f3n de actos de competencia desleal y publicidad il\u00edcita como consecuencia de la transmisi\u00f3n, difusi\u00f3n, almacenamiento, puesta a disposici\u00f3n, recepci\u00f3n, obtenci\u00f3n o acceso a los contenidos; la falta de veracidad, exactitud, exhaustividad, pertinencia y\/o actualidad de los contenidos dejando el Usuario, en todo caso, indemne al responsable del portal frente a cualquier reclamaci\u00f3n, judicial o extrajudicial.<\/p>\n<ol>\n<li>Exclusi\u00f3n de garant\u00edas y responsabilidad<\/li>\n<\/ol>\n<p>Salvo en aquellos casos expresamente descritos en el Aviso Legal y el resto del marco normativo del sitio web, Off Market Madrid no se responsabiliza de los da\u00f1os y perjuicios de toda naturaleza que pudieran derivarse de la falta de exactitud, exhaustividad, actualidad, as\u00ed como de errores u omisiones de los que pudieran adolecer los contenidos de este sitio web.<\/p>\n<ol>\n<li>Contenido Web y enlaces<\/li>\n<\/ol>\n<p>La informaci\u00f3n contenida en este sitio Web puede no ser correcta; por ello Off Market Madrid no se responsabiliza de cualquier da\u00f1o o perjuicio directo o indirecto que pueda ocasionar la exactitud, integridad o veracidad de dicha informaci\u00f3n, as\u00ed como tampoco del uso por terceros del contenido de este sitio Web, ni de los posibles errores en el acceso a la misma. Al mismo tiempo la empresa se reserva el derecho a suspender temporalmente la accesibilidad al sitio Web cuando sea necesario, sin necesidad de previo aviso.<\/p>\n<p>Off Market Madrid no garantiza la disponibilidad, continuidad ni la infalibilidad del funcionamiento del sitio web, y en consecuencia, excluye, en la m\u00e1xima medida permitida por la legislaci\u00f3n vigente, cualquier responsabilidad por los da\u00f1os y perjuicios de toda naturaleza que puedan deberse a la falta de disponibilidad o de continuidad del funcionamiento del sitio web y de los servicios habilitados en el mismo, as\u00ed como a los errores en el acceso a las distintas p\u00e1ginas web o aquellas desde las que, en su caso, se presten dichos servicios.<\/p>\n<p>Off Market Madrid gestionar\u00e1 sus propios contenidos, siendo as\u00ed que cualquier comentario vertido en el blog corporativo ser\u00e1 fiscalizado y no ser\u00e1 publicado si la empresa lo considera contrario a la moral, al honor, intimidad u orden p\u00fablico, o que pudiera vulnerar la legislaci\u00f3n vigente en materia penal, civil y\/o legislaci\u00f3n conexa. La empresa declina expresamente cualquier responsabilidad dimanante de los contenidos vertidos por los usuarios, sin perjuicio de lo cual adoptar\u00e1 las medidas oportunas para detectar y atender reclamaciones sobre cualquier actividad il\u00edcitas por parte de los mismos, reserv\u00e1ndose expresamente la posibilidad de interrumpir en cualquier momento y sin previo aviso, temporal o definitivamente, el servicio de participaci\u00f3n ofrecido a cualquier usuario cuyos contenidos puedan ser considerados ilegales, prohibidos o simplemente inadecuados.<\/p>\n<ol>\n<li>Comunicaciones y notificaciones<\/li>\n<\/ol>\n<p>Todas las comunicaciones y notificaciones realizadas se considerar\u00e1n e caces a todos los efectos cuando se realicen a trav\u00e9s de correo electr\u00f3nico al e-mail que haya podido suministrar el Usuario. El Usuario se obliga a mantener informado a Off Market Madrid de los cambios que se produzcan en los datos personales y en la direcci\u00f3n de correo electr\u00f3nico de \u00e9ste que el responsable posee para informarle de los sucesos que estime oportunos. El usuario reconoce expresamente que dichos datos han sido suministrados por \u00e9l mismo y son del todo veraces.<\/p>\n<ol>\n<li>Propiedad Intelectual e Industrial<\/li>\n<\/ol>\n<p>La empresa es titular de los derechos de Propiedad Intelectual sobre el contenido de este sitio Web. Todos los contenidos de este sitio web, incluyendo sin car\u00e1cter limitativo, textos, gr\u00e1ficos, im\u00e1genes, la estructura del sitio web, su dise\u00f1o y el c\u00f3digo de fuente, as\u00ed como los logos y marcas que en \u00e9l se incluyen, se encuentran protegidos por la normativa de propiedad intelectual e industrial. Se proh\u00edbe realizar actos de modificaci\u00f3n, copia, reproducci\u00f3n, descarga, transmisi\u00f3n, modificaci\u00f3n, distribuci\u00f3n, comunicaci\u00f3n p\u00fablica, transformaci\u00f3n de los contenidos del sitio Web, y en general, cualquier otra forma de explotaci\u00f3n, por cualquier procedimiento, de estos elementos sin el previo consentimiento por escrito de sus respectivos titulares. La lesi\u00f3n por parte de terceros de los derechos de Propiedad Intelectual o cualquier otro derecho sobre el contenido de este sitio Web, titularidad de la empresa, dar\u00e1 lugar a las responsabilidades legalmente establecidas.<\/p>\n<p>Off Market Madrid no ser\u00e1 responsable de los da\u00f1os y perjuicios que pudieran derivarse de la utilizaci\u00f3n de los contenidos por parte de los usuarios o de la infracci\u00f3n por parte de \u00e9stos de cualquier disposici\u00f3n legal vigente.<\/p>\n<ol>\n<li>Protecci\u00f3n de datos personales<\/li>\n<\/ol>\n<p>Off Market Madrid cumple con la normativa en materia de protecci\u00f3n de datos de car\u00e1cter personal, en concreto con la Ley Org\u00e1nica 15\/1999, de 13 de diciembre, de Protecci\u00f3n de Datos de Car\u00e1cter Personal (LOPD) y el Real Decreto 1720\/2007, de 21 de diciembre, por el que se aprueba el Reglamento de desarrollo de la Ley Org\u00e1nica de Protecci\u00f3n de Datos de Car\u00e1cter Personal (RLOPD).<\/p>\n<p>A tal efecto Off Market Madrid ha desarrollado una pol\u00edtica de privacidad donde se le informa al usuario de la finalidad y los tratamientos que realiza Off Market Madrid con los datos personales que se suministran a trav\u00e9s del portal as\u00ed como de los derechos de acceso, rectificaci\u00f3n, cancelaci\u00f3n y oposici\u00f3n que le asisten.<\/p>\n<ol>\n<li>Modificaci\u00f3n de los t\u00e9rminos y condiciones de uso<\/li>\n<\/ol>\n<p>Las presentes condiciones generales y las particulares que eventualmente puedan establecerse, y con la redacci\u00f3n que presenten en cada momento, tienen una duraci\u00f3n indefinida, y permanecer\u00e1n en vigor mientras el portal contin\u00fae activo. La empresa se reserva en todo caso el derecho unilateral de modificar las condiciones de acceso a las mismas, as\u00ed como su contenido.<\/p>\n<ol>\n<li>Ley aplicable y jurisdicci\u00f3n<\/li>\n<\/ol>\n<p>El presente aviso legal y condiciones de uso se rigen e interpretan en todos y cada uno de sus extremos por la Ley espa\u00f1ola, acordando las partes someterse, con renuncia expresa a cualquier otro fuero que pudiera corresponderle salvo en los casos en los que la ley disponga lo contrario, a la jurisdicci\u00f3n y competencia de los Juzgados y Tribunales de Madrid (Espa\u00f1a) para la resoluci\u00f3n de cualquier controversia que pudiera originarse sobre la interpretaci\u00f3n, aplicaci\u00f3n y cumplimiento del presente Aviso Legal, as\u00ed como sobre las reclamaciones que pudieran derivarse de cualquier uso de este sitio web.<\/p>\n<p>[\/et_pb_text][\/et_pb_column][\/et_pb_row][\/et_pb_section][et_pb_section fb_built=\u00bb1&#8243; disabled_on=\u00bbon|on|off\u00bb _builder_version=\u00bb4.0.4&#8243; custom_margin=\u00bb0px||0px||false|false\u00bb custom_padding=\u00bb0px||0px||false|false\u00bb][et_pb_row _builder_version=\u00bb4.0.4&#8243; custom_padding=\u00bb||5px|||\u00bb][et_pb_column type=\u00bb4_4&#8243; _builder_version=\u00bb4.0.4&#8243;][et_pb_text _builder_version=\u00bb4.0.4&#8243; text_text_color=\u00bb#7f7f7f\u00bb text_font_size=\u00bb13px\u00bb text_line_height=\u00bb1em\u00bb text_orientation=\u00bbcenter\u00bb min_height=\u00bb72px\u00bb custom_margin=\u00bb||-1px|||\u00bb]<\/p>\n<p style=\"text-align: center;\"><span style=\"color: #999999;\">Dise\u00f1ado por <a style=\"color: #999999;\" href=\"https:\/\/digital360.es\/\" target=\"_blank\" rel=\"noopener noreferrer\">DIGITAL 360<\/a> | Copyright \u00a9 2020 Off Market Madrid \u2013 C\/ Vel\u00e1zquez N\u00ba53, 2\u00baIzda.<\/span><\/p>\n<p style=\"text-align: center;\"><span style=\"color: #999999;\">__________________________________________________________________________________________________________________<\/span><\/p>\n<p style=\"text-align: center;\"><span style=\"color: #808080;\"><a style=\"color: #808080;\" href=\"https:\/\/offmarketmadrid.com\/index.php\/aviso-legal\/\" target=\"_blank\" rel=\"noopener noreferrer\">Aviso legal<\/a>\u00a0\u00a0\u00a0\u00a0\u00a0 <a style=\"color: #808080;\" href=\"https:\/\/offmarketmadrid.com\/index.php\/politica-de-privacidad\/\" target=\"_blank\" rel=\"noopener noreferrer\">Pol\u00edtica de privacidad\u00a0\u00a0<\/a>\u00a0\u00a0\u00a0 <\/span><a href=\"https:\/\/offmarketmadrid.com\/index.php\/politica-de-cookies\/\" target=\"_blank\" rel=\"noopener noreferrer\"><span style=\"color: #808080;\">Pol\u00edtica de cookies<\/span><\/a><\/p>\n<p style=\"text-align: center;\">[\/et_pb_text][\/et_pb_column][\/et_pb_row][\/et_pb_section][et_pb_section fb_built=\u00bb1&#8243; disabled_on=\u00bboff|off|on\u00bb _builder_version=\u00bb4.0.4&#8243; custom_margin=\u00bb0px||0px||false|false\u00bb custom_padding=\u00bb0px||0px||false|false\u00bb][et_pb_row _builder_version=\u00bb4.0.4&#8243; custom_padding=\u00bb||5px|||\u00bb][et_pb_column type=\u00bb4_4&#8243; _builder_version=\u00bb4.0.4&#8243;][et_pb_text _builder_version=\u00bb4.0.4&#8243; text_text_color=\u00bb#7f7f7f\u00bb text_font_size=\u00bb13px\u00bb text_line_height=\u00bb1em\u00bb header_3_font_size=\u00bb10px\u00bb text_orientation=\u00bbcenter\u00bb min_height=\u00bb72px\u00bb custom_margin=\u00bb||-1px|||\u00bb text_line_height_tablet=\u00bb\u00bb text_line_height_phone=\u00bb1.3em\u00bb text_line_height_last_edited=\u00bbon|phone\u00bb]<\/p>\n<p style=\"text-align: center;\"><span style=\"color: #999999;\">Dise\u00f1ado por <a style=\"color: #999999;\" href=\"https:\/\/digital360.es\/\" target=\"_blank\" rel=\"noopener noreferrer\">DIGITAL 360<\/a> | Copyright \u00a9 2020 Off Market Madrid \u2013 C\/ Vel\u00e1zquez N\u00ba53, 2\u00baIzda.<\/span><\/p>\n<p style=\"text-align: center;\"><span style=\"color: #999999;\">___________________________<\/span><\/p>\n<h3 style=\"text-align: center;\"><span style=\"color: #808080;\"><a style=\"color: #808080;\" href=\"https:\/\/offmarketmadrid.com\/index.php\/aviso-legal\/\" target=\"_blank\" rel=\"noopener noreferrer\">Aviso legal<\/a>\u00a0\u00a0\u00a0\u00a0\u00a0 <a style=\"color: #808080;\" href=\"https:\/\/offmarketmadrid.com\/index.php\/politica-de-privacidad\/\" target=\"_blank\" rel=\"noopener noreferrer\">Pol\u00edtica de privacidad\u00a0\u00a0<\/a>\u00a0\u00a0\u00a0 <\/span><a href=\"https:\/\/offmarketmadrid.com\/index.php\/politica-de-cookies\/\" target=\"_blank\" rel=\"noopener noreferrer\"><span style=\"color: #808080;\">Pol\u00edtica de cookies<\/span><\/a><\/h3>\n<p style=\"text-align: center;\">[\/et_pb_text][\/et_pb_column][\/et_pb_row][\/et_pb_section]<\/p>\n","protected":false},"excerpt":{"rendered":"<p>&nbsp; MADRID&nbsp; MADRIDAviso legal Identidad del titular En cumplimiento de lo dispuesto en la Ley 34\/2002, de 11 de julio, de Servicios de la Sociedad de la Informaci\u00f3n y Comercio Electr\u00f3nico, le informamos de que la direcci\u00f3n https:\/\/offmarketmadrid.com\/ con domicilio social en MADRID, C\/ Vel\u00e1zquez n\u00ba 53 \u2013 2\u00baIzda, y direcci\u00f3n de correo electr\u00f3nico juan.m.correro@gmail.com. [&hellip;]<\/p>\n","protected":false},"author":1,"featured_media":0,"parent":0,"menu_order":0,"comment_status":"closed","ping_status":"closed","template":"","meta":{"_et_pb_use_builder":"on","_et_pb_old_content":"","_et_gb_content_width":"","footnotes":""},"_links":{"self":[{"href":"https:\/\/offmarketmadrid.com\/index.php\/wp-json\/wp\/v2\/pages\/43"}],"collection":[{"href":"https:\/\/offmarketmadrid.com\/index.php\/wp-json\/wp\/v2\/pages"}],"about":[{"href":"https:\/\/offmarketmadrid.com\/index.php\/wp-json\/wp\/v2\/types\/page"}],"author":[{"embeddable":true,"href":"https:\/\/offmarketmadrid.com\/index.php\/wp-json\/wp\/v2\/users\/1"}],"replies":[{"embeddable":true,"href":"https:\/\/offmarketmadrid.com\/index.php\/wp-json\/wp\/v2\/comments?post=43"}],"version-history":[{"count":0,"href":"https:\/\/offmarketmadrid.com\/index.php\/wp-json\/wp\/v2\/pages\/43\/revisions"}],"wp:attachment":[{"href":"https:\/\/offmarketmadrid.com\/index.php\/wp-json\/wp\/v2\/media?parent=43"}],"curies":[{"name":"wp","href":"https:\/\/api.w.org\/{rel}","templated":true}]}}